eatest common divisor of 1739 and 94?
47
What is the highest common divisor of 90 and 2070?
90
What is the highest common divisor of 1724 and 8?
4
Calculate the highest common factor of 206 and 2.
2
What is the greatest common divisor of 12 and 6?
6
What is the greatest common divisor of 171 and 190?
19
Calculate the greatest common divisor of 669 and 12.
3
Calculate the greatest common divisor of 11 and 1881.
11
Calculate the greatest common factor of 3381 and 84.
21
Calculate the highest common divisor of 6716 and 184.
92
Calculate the highest common divisor of 153 and 108.
9
Calculate the greatest common factor of 170 and 34.
34
What is the highest common factor of 108 and 1242?
54
What is the highest common divisor of 17708 and 233?
233
Calculate the highest common factor of 9 and 531.
9
Calculate the highest common divisor of 1075 and 43.
43
What is the highest common factor of 344 and 104?
8
Calculate the highest common divisor of 78 and 57954.
78
What is the greatest common factor of 6 and 42?
6
What is the greatest common factor of 288 and 18?
18
What is the greatest common divisor of 11129 and 155?
31
Calculate the highest common factor of 5 and 5.
5
Calculate the greatest common divisor of 208 and 13.
13
Calculate the highest common factor of 64 and 24.
8
What is the highest common divisor of 6812 and 39?
13
Calculate the highest common divisor of 1377 and 204.
51
Calculate the greatest common divisor of 7426 and 158.
158
Calculate the highest common factor of 3007 and 124.
31
What is the greatest common factor of 68 and 476?
68
What is the highest common divisor of 56 and 7?
7
What is the greatest common divisor of 166 and 498?
166
What is the greatest common divisor of 8 and 48728?
8
Calculate the highest common factor of 1120 and 455.
35
Calculate the highest common factor of 424 and 53.
53
Calculate the highest common factor of 99 and 176.
11
Calculate the highest common factor of 37 and 111.
37
Calculate the greatest common divisor of 72 and 882.
18
Calculate the greatest common factor of 45 and 27315.
45
What is the greatest common factor of 115 and 529?
23
What is the greatest common factor of 55 and 1485?
55
Calculate the greatest common divisor of 64 and 3608.
8
Calculate the greatest common divisor of 72 and 16.
8
Calculate the greatest common factor of 77 and 979.
11
Calculate the highest common factor of 425 and 2000.
25
Calculate the highest common divisor of 187 and 11.
11
What is the greatest common divisor of 4 and 25?
1
What is the highest common divisor of 65 and 39?
13
What is the highest common factor of 53 and 159?
53
What is the greatest common divisor of 8 and 4972?
4
What is the greatest common divisor of 19 and 304?
19
Calculate the highest common divisor of 146 and 11461.
73
Calculate the greatest common factor of 1582 and 28.
14
Calculate the highest common factor of 27 and 7.
1
Calculate the greatest common factor of 3 and 363.
3
What is the greatest common divisor of 4929 and 186?
93
What is the highest common divisor of 48 and 96?
48
Calculate the highest common factor of 68 and 374.
34
Calculate the greatest common divisor of 709 and 13.
1
Calculate the highest common factor of 264 and 216.
24
What is the greatest common factor of 16 and 248?
8
Calculate the highest common divisor of 840 and 945.
105
Calculate the highest common factor of 18 and 2048.
2
Calculate the greatest common divisor of 1000 and 760.
40
Calculate the highest common factor of 856 and 1819.
107
Calculate the highest common divisor of 1364 and 372.
124
What is the highest common factor of 5208 and 2520?
168
Calculate the highest common factor of 8421 and 105.
21
What is the highest common factor of 243 and 135?
27
Calculate the greatest common factor of 204 and 34.
34
Calculate the highest common factor of 315 and 585.
45
What is the greatest common factor of 8 and 1566?
2
What is the greatest common factor of 7 and 896?
7
What is the greatest common factor of 416 and 400?
16
What is the highest common factor of 1419 and 301?
43
What is the greatest common divisor of 24 and 30?
6
Calculate the highest common divisor of 84 and 1617.
21
Calculate the highest common factor of 489 and 163.
163
What is the greatest common factor of 480 and 1080?
120
Calculate the greatest common factor of 20 and 97860.
20
What is the highest common divisor of 7348 and 132?
44
Calculate the greatest common factor of 2240 and 240.
80
What is the greatest common factor of 56 and 892?
4
What is the highest common factor of 36 and 36468?
36
What is the greatest common factor of 48 and 978?
6
What is the highest common factor of 6 and 486?
6
What is the highest common divisor of 8 and 344?
8
What is the highest common divisor of 55 and 33?
11
Calculate the highest common factor of 10 and 270.
10
What is the highest common factor of 78 and 42?
6
Calculate the highest common divisor of 416 and 6136.
104
What is the greatest common divisor of 252 and 468?
36
What is the highest common divisor of 38 and 5966?
38
What is the greatest common divisor of 58 and 2?
2
Calculate the highest common divisor of 60200 and 172.
172
What is the highest common factor of 539 and 22?
11
Calculate the highest common factor of 2444 and 9212.
188
Calculate the highest common factor of 369 and 574.
41
What is the greatest common factor of 4132 and 28?
4
Calculate the greatest common factor of 2486 and 220.
22
Calculate the greatest common factor of 37 and 629.
37
Calculate the greatest common divisor of 299 and 161.
23
What is the highest common factor of 162 and 1566?
54
Calculate the greatest common factor of 4 and 484.
4
Calculate the greatest common factor of 429 and 39.
39
Calculate the greatest common factor of 24 and 3072.
24
Calculate the greatest common factor of 970 and 7566.
194
Calculate the highest common divisor of 527 and 341.
31
What is the highest common factor of 392 and 48?
8
What is the highest common factor of 24 and 10932?
12
What is the highest common divisor of 219 and 146?
73
Calculate the greatest common factor of 196 and 35.
7
Calculate the highest common factor of 455 and 35.
35
What is the highest common divisor of 434 and 1519?
217
Calculate the highest common divisor of 12 and 2061.
3
Calculate the greatest common factor of 54 and 171.
9
Calculate the greatest common factor of 36 and 4.
4
What is the highest common factor of 36 and 45288?
36
Calculate the greatest common divisor of 189 and 42.
21
Calculate the greatest common factor of 264 and 624.
24
Calculate the highest common divisor of 472 and 2714.
118
Calculate the highest common divisor of 44 and 198.
22
What is the greatest common factor of 404 and 7171?
101
What is the greatest common factor of 15036 and 3?
3
What is the greatest common divisor of 243 and 162?
81
Calculate the greatest common factor of 252 and 56.
28
Calculate the greatest common factor of 256 and 4528.
16
What is the greatest common factor of 49 and 5999?
7
What is the greatest common factor of 5 and 960?
5
Calculate the greatest common factor of 8645 and 182.
91
What is the highest common divisor of 10266 and 348?
174
What is the greatest common divisor of 91 and 416?
13
What is the greatest common factor of 89 and 5251?
89
Calculate the greatest common divisor of 2004 and 36.
12
What is the greatest common divisor of 3 and 4474?
1
Calculate the greatest common divisor of 384 and 704.
64
What is the highest common factor of 336 and 6816?
48
What is the highest common divisor of 17 and 3944?
17
Calculate the greatest common factor of 17 and 14705.
17
Calculate the greatest common factor of 93 and 3.
3
What is the highest common divisor of 1400 and 80?
40
What is the highest common divisor of 56 and 196?
28
Calculate the highest common factor of 908 and 13393.
227
What is the greatest common divisor of 589 and 57?
19
Calculate the greatest common factor of 70 and 1960.
70
Calculate the greatest common factor of 12 and 33.
3
Calculate the highest common divisor of 67 and 6901.
67
What is the greatest common factor of 1422 and 90?
18
Calculate the greatest common factor of 25769 and 73.
73
What is the greatest common factor of 875 and 160?
5
What is the greatest common divisor of 5022 and 124?
62
Calculate the greatest comm